9. Let h be q(-9). Let c be (-1 - (5 - 3))*-12. Suppose 0*d - c = -2*d. What is the greatest common divisor of h and d?
18
Let o be (0 - -1)/((-2)/(-34)). Let w = 680 + -527. What is the highest common divisor of w and o?
17
Let m(s) = -s**3 - 11*s**2 + 14*s - 15. Let d be m(-12). Let t be (-2)/(-6) + (-10634)/d. Calculate the greatest common divisor of 39 and t.
39
Suppose -n = -0*n + 15. Let j = 9 - n. What is the highest common divisor of 3 and j?
3
Let z = -27 - -31. Suppose -71 = -5*u + z. What is the greatest common divisor of u and 75?
15
Let z(k) = k**3 + 11*k**2 + 11*k + 9. Let o be z(-5). What is the greatest common factor of 182 and o?
26
Let s(f) = 4*f**3 + f**2 + f. Let d be s(-1). Let r = d + 10. Suppose r*n - 345 = 3*n. Calculate the highest common divisor of 23 and n.
23
Let y = -45 - -19. Let g be (-39)/y + 1095/2. Suppose 6*c = -39 + g. Calculate the greatest common divisor of 34 and c.
17
Suppose 2*n - 4*m - 92 = 0, 0 = -5*m + 17 + 3. What is the greatest common divisor of 12 and n?
6
Let c be 20 - 16 - (-5 - -1). Calculate the highest common divisor of 116 and c.
4
Let o(l) = 2*l**3 + 31*l**2 - 43*l + 8. Let c be o(-16). Calculate the greatest common divisor of 24 and c.
8
Let n = -1291 - -1403. What is the highest common divisor of 133 and n?
7
Let g(u) = 9*u - 4. Let v be g(6). Let q be (-20)/(-3)*(-25 - -13). Let l be (q/(-6))/((-6)/(-9)). What is the highest common factor of v and l?
10
Let l(p) = -20*p**2 + 1. Let i be l(1). Let h = 31 + i. Let z(y) = y + 18. Let t be z(-14). Calculate the highest common divisor of t and h.
4
Let p(z) be the first derivative of z**3/3 - z**2/2 - 8. Let o be p(1). Suppose o = 3*d - 9*d + 78. Calculate the greatest common divisor of d and 13.
13
Suppose -5*t - 3*h + 8819 - 1990 = 0, -4*t + 5*h = -5441. What is the greatest common factor of t and 44?
44
Suppose -4*l + 2 = -5*c - 4, -3*l + 6 = -3*c. Calculate the highest common divisor of l and 76.
4
Suppose -96 + 396 = 3*m. Let c be 2/15 - ((-3724)/(-30) - 3). Let k = c - -161. What is the highest common factor of m and k?
20
Let b be 3/9*(0 + -6). Let p be 0 + -4 + b/1. Let x be (-394)/(-10) + p/(-10). What is the highest common factor of 5 and x?
5
Let s be -3*(2 - 1) - (-78 - 1). Calculate the highest common factor of s and 114.
38
Let c(h) = 3*h**2 + 7*h + 1. Let p = 2 - 7. Let n = p + 2. Let l be c(n). Calculate the highest common factor of 1 and l.
1
Suppose q + 5 = 0, 3*b = -14*q + 9*q + 1193. Calculate the highest common divisor of 290 and b.
58
Let y be 0/(4 + (-15)/3). Suppose 7*v - 2*v = y. Suppose -p + 6 + 29 = v. What is the highest common divisor of p and 14?
7
Let c(w) be the first derivative of -w**4/4 - w**3 + 5*w**2/2 + 5*w - 7. Let u be c(-5). Calculate the highest common factor of u and 10.
10
Let b(v) = 11*v + 18. Suppose -5*m = 3*x - 57, -29 = -m - 4*m + 4*x. Let y be b(m). What is the greatest common factor of 13 and y?
13
Let v = -73 - -169. Suppose -3*f - 5*f + v = 0. Let r be 14 - (10/2 - 3). Calculate the greatest common divisor of r and f.
12
Let x = 0 + -9. Let r = -6 - x. Suppose 0 = r*g - 26 + 2. What is the highest common divisor of 8 and g?
8
Suppose -5*i + 126 = 3*c, -2*c - 2*i = 2*i - 84. Let x = 65 + -63. Suppose -3*h = x*u - 156, -h + c = u + 3*u. What is the greatest common factor of 36 and h?
18
Suppose 5*l - 2*k = 579, -57 = l + 4*k - 186. What is the highest common divisor of l and 1209?
39
Suppose 5*k = x - 90, 4*k = 10*x - 13*x + 289. Suppose 3*s + 4*g - 8*g = 23, 5*s - 4*g - 33 = 0. What is the greatest common factor of x and s?
5
Suppose -3*j + 106 = 3*s + 2*s, 5*s = 10. Suppose 0 = 5*k - 9*k + j. Calculate the highest common factor of k and 104.
8
Suppose -21*c + 120 + 48 = 0. Let d = 0 + -2. Let g = c + d. What is the highest common factor of g and 54?
6
Suppose -5*p = -p - 44. Let g(d) = d**3 - 10*d**2 - 7*d - 22. Let q be g(p). Calculate the highest common divisor of 55 and q.
11
Suppose 0 = -20*d + 18 - 18. Let g = 132 - -368. Suppose d*p - 5*p + g = 0. Calculate the highest common factor of p and 40.
20
Let c be (-52)/(-39)*(-51)/(-2). Calculate the highest common divisor of c and 459.
17
Suppose 2*x - x = 176. Suppose -5*f + 74 = 4*i, 0 = 4*i + 2*f - 20 - 48. What is the highest common factor of i and x?
16
Suppose 5*z + 11 = 391. Calculate the highest common factor of 19 and z.
19
Let q(d) = 5*d - 6. Let k = -17 - -24. Let g be q(k). Let c = -23 + g. What is the greatest common divisor of 54 and c?
6
Let i(k) = -k**2 - 28*k + 29. Let s be i(-14). What is the highest common factor of s and 5?
5
Suppose 4*w = 3*w + 5. Let p be 17 - -1 - (6 - w). Suppose -4*s + 2*s = 4*t - 46, 19 = 2*s - 5*t. What is the highest common divisor of s and p?
17
Let i(t) = 2*t**2 + 32. Let z be i(13). Calculate the highest common factor of 37 and z.
37
Suppose 4*n + 2*g = 510, n + 43*g - 38*g - 105 = 0. Calculate the highest common divisor of 234 and n.
26
Let j be (-118)/6 + 8/(-24). Let s = j - -29. Suppose -a + 2 = -1, a = -2*w + 147. What is the highest common factor of w and s?
9
Let f = -24 - -30. Let q = 3 - f. Let b be 12 + (-2 - (q + -1)). Calculate the highest common divisor of b and 70.
14
Suppose 2*n - 36 = -3*v, 2*v + 2*n + 13 - 37 = 0. Calculate the highest common factor of 9 and v.
3
Suppose -3*a + 5*a - 4*d = 12, -5*a - 2*d = -6. Suppose 171*i = 3*u + 167*i - 12, 4*i = 0. What is the highest common divisor of a and u?
2
Suppose -5*x - 264 = -2*n, 4*n + 5*x - 2*x = 528. What is the greatest common factor of n and 330?
66
Let m be (-6)/(-4) - (-438)/4. Suppose 17*b - m = 14*b. What is the highest common factor of b and 111?
37
Let c(o) = o**2 - o + 19. Let p be c(0). Let l(d) = 12*d**3 - 8*d**2 + 15*d + 1. Let n be l(2). What is the greatest common factor of n and p?
19
Let i(g) = 6*g**2 + 6*g - 3. Suppose 2*c - 3*w - 22 = -2*c, c = 3*w + 10. Let m be i(c). Let n = 117 - 104. What is the highest common factor of n and m?
13
Suppose c = 4*u - c + 126, -2*c + 157 = -5*u. Let l = 101 + u. Suppose 10 = -3*b + 3*a + 97, 4*b + 4*a = 108. Calculate the greatest common divisor of b and l.
14
Let q be -6*(-3)/6*-4. Let r = q + 5. Let v be 90/35 - 3/r. What is the greatest common factor of 3 and v?
3
Suppose 90*j + 128 = 94*j. Calculate the highest common factor of j and 752.
16
Let h be (-1)/(-2)*(5 + 15). Let n be (-8 - 7)*(-6)/9. Calculate the highest common factor of h and n.
10
Let v be (1 - (-3)/2) + 5/(-10). Suppose 15 = -3*i, -i = -v*u - 4*i + 273. Calculate the highest common factor of u and 16.
16
Let z(p) = -19*p + 162. Let q be z(8). Calculate the greatest common factor of q and 2570.
10
Suppose 5*l - 83 = -18. Let u(o) = 13*o - 26. Let q be u(6). What is the greatest common divisor of l and q?
13
Suppose 9 - 3 = f. Let a be (2*f)/4 + 2. Suppose a - 1 = 2*p, 0 = -z + 2*p + 1. Calculate the greatest common factor of z and 40.
5
Let r(a) = 16*a**3 + 2 - 3*a**2 - 11*a**3 + 10*a - 6*a**3 + 0. Let y be r(-6). What is the greatest common factor of y and 10?
10
Suppose 1401 + 3349 = 19*g. What is the greatest common factor of g and 10?
10
Let q = 20 - 52. Let c be 0 + 2 + (-1 - q). Calculate the greatest common divisor of 33 and c.
33
Let r = -17 + 31. Let b = -49 - -47. Let f be -6*(0 + 7/b). What is the highest common divisor of f and r?
7
Let f = 1993 - 1923. Calculate the greatest common divisor of f and 406.
14
Let u(z) = z**2 - 5*z + 1. Let b be u(5). Let s(d) = 12*d. Let m be s(b). Let k = -6434 - -6446. Calculate the greatest common divisor of k and m.
12
Let q(i) be the third derivative of i**4/4 + i**3/6 - 4*i**2. Let u be q(-2). Let h = u + 36. Calculate the highest common divisor of h and 25.
25
Let u(m) = 18*m - 10. Let v be u(4). Suppose 2*o = v - 14. Suppose 2*h - o = -h. What is the greatest common factor of h and 2?
2
Let l be (-1393)/(-28) + (3/(-4))/(-3). What is the highest common divisor of 30 and l?
10
Let j be ((-6)/(-4) + 0)*2. Suppose 4*a - j*n = 754, 4*n - 384 = -2*a + 2*n. Suppose i - 6*i + a = 0. Calculate the highest common divisor of i and 19.
19
Let v = 41 + -29. Suppose 0*m - v = -2*m. What is the greatest common factor of m and 4?
2
Suppose -30 = -10*m + 10. What is the greatest common factor of m and 732?
4
Let q(j) be the first derivative of j**4/4 + 7*j**3/3 + 